a prime number?
True
Is 887 prime?
True
Is 84543 composite?
True
Is 56587 a composite number?
True
Is 16343 a composite number?
True
Is 3589 prime?
False
Is 240257 prime?
True
Is 379351 a prime number?
False
Is 562631 a composite number?
False
Is 206902 prime?
False
Is 8977 a composite number?
True
Is 545053 a composite number?
True
Is 100591 composite?
False
Is 10289 a composite number?
False
Is 1267 a prime number?
False
Is 967 prime?
True
Is 445319 a prime number?
False
Is 493523 composite?
False
Is 13217 prime?
True
Is 22147 composite?
False
Is 1055 a composite number?
True
Is 9229 prime?
False
Is 3389 a composite number?
False
Is 52898 a composite number?
True
Is 24907 prime?
True
Is 151237 composite?
False
Is 380417 a prime number?
True
Is 169583 prime?
True
Is 3946 a prime number?
False
Is 200957 prime?
False
Is 544853 a composite number?
True
Is 419 composite?
False
Is 17011 composite?
False
Is 498877 a prime number?
False
Is 30759 prime?
False
Is 2941 composite?
True
Is 92747 composite?
True
Is 14759 a prime number?
True
Is 33763 prime?
False
Is 7031 composite?
True
Is 49409 composite?
False
Is 29483 a composite number?
False
Is 10181 composite?
False
Is 10342 composite?
True
Is 5737 prime?
True
Is 20327 a composite number?
False
Is 10391 composite?
False
Is 496949 composite?
False
Is 215429 a prime number?
False
Is 18637 a prime number?
True
Is 88321 a prime number?
True
Is 33037 composite?
False
Is 121273 composite?
True
Is 9413 a prime number?
True
Is 8779 a composite number?
False
Is 1411 composite?
True
Is 2894261 composite?
True
Is 53479 prime?
True
Is 348149 a prime number?
True
Is 25138 prime?
False
Is 2444687 a composite number?
True
Is 89339 composite?
True
Is 189479 a composite number?
False
Is 20014 a composite number?
True
Is 95339 prime?
True
Is 4078 composite?
True
Is 1069 a composite number?
False
Is 14515 prime?
False
Is 98219 a composite number?
True
Is 2563 a composite number?
True
Is 138211 prime?
False
Is 139547 composite?
False
Is 18329 prime?
True
Is 3833 a prime number?
True
Is 35797 composite?
False
Is 861013 a prime number?
True
Is 1829 a prime number?
False
Is 256222 a composite number?
True
Is 606295 prime?
False
Is 75619 a composite number?
False
Is 586457 a prime number?
True
Is 874847 a composite number?
False
Is 8611 a prime number?
False
Is 152491 a prime number?
False
Is 52259 prime?
True
Is 600529 composite?
False
Is 919 a composite number?
False
Is 2 a prime number?
True
Is 806857 a composite number?
False
Is 98803 a composite number?
True
Is 2209 composite?
True
Is 156217 a composite number?
False
Is 563789 prime?
False
Is 790169 a prime number?
True
Is 351419 composite?
True
Is 3109 a prime number?
True
Is 2827 composite?
True
Is 51131 a prime number?
True
Is 296657 prime?
False
Is 1657 composite?
False
Is 281419 a prime number?
True
Is 1847 prime?
True
Is 37619 prime?
True
Is 745219 a prime number?
False
Is 891401 composite?
True
Is 299 a composite number?
True
Is 2233333 a composite number?
True
Is 36629 a prime number?
True
Is 1274461 a prime number?
True
Is 70553 a composite number?
True
Is 40873 a composite number?
True
Is 2563589 prime?
False
Is 2333 a prime number?
True
Is 446 composite?
True
Is 4817 composite?
False
Is 44263 prime?
True
Is 92173 a prime number?
True
Is 59197 prime?
True
Is 234673 composite?
False
Is 11667 a prime number?
False
Is 47993 a composite number?
True
Is 14923 prime?
True
Is 1103 prime?
True
Is 2361445 a composite number?
True
Is 45802 a composite number?
True
Is 467417 a prime number?
True
Is 16787 a composite number?
False
Is 406789 a prime number?
True
Is 37799 prime?
True
Is 24287 composite?
True
Is 38299 composite?
False
Is 110219 prime?
False
Is 1061537 prime?
False
Is 1535 prime?
False
Is 705877 a composite number?
True
Is 348307 a composite number?
False
Is 353099 prime?
True
Is 21269 a composite number?
False
Is 64553 composite?
False
Is 6121 a prime number?
True
Is 64903 composite?
True
Is 450761 a composite number?
False
Is 78671 a composite number?
True
Is 86755 a composite number?
True
Is 5407 a prime number?
True
Is 14369 a composite number?
False
Is 119839 a prime number?
True
Is 81467 prime?
False
Is 1275827 composite?
True
Is 434179 prime?
True
Is 12929 composite?
True
Is 1310741 a prime number?
True
Is 120233 a composite number?
False
Is 1657 composite?
False
Is 98837 composite?
False
Is 4739 composite?
True
Is 95311 a composite number?
False
Is 319883 composite?
False
Is 14591 prime?
True
Is 175793 composite?
True
Is 39481 a composite number?
True
Is 701 a composite number?
False
Is 825883 a composite number?
False
Is 17399 a prime number?
False
Is 84913 a composite number?
False
Is 1111 composite?
True
Is 45257 composite?
True
Is 50537 prime?
False
Is 3127 a prime number?
False
Is 62963 a composite number?
True
Is 29989 a prime number?
True
Is 154571 a composite number?
False
Is 203549 composite?
False
Is 10757 a prime number?
False
Is 15121 a composite number?
False
Is 5387 prime?
True
Is 37087 prime?
True
Is 86287 a composite number?
False
Is 5381 a composite number?
False
Is 5623 a composite number?
False
Is 82079 a composite number?
True
Is 576311 a composite number?
True
Is 40867 prime?
True
Is 408503 composite?
True
Is 164953 a composite number?
False
Is 1341957 a prime number?
False
Is 2179 a composite number?
False
Is 983063 composite?
False
Is 115991 a composite number?
True
Is 319541 composite?
False
Is 45187 composite?
True
Is 30971 prime?
True
Is 234791 composite?
False
Is 20159 prime?
False
Is 139423 prime?
True
Is 382163 composite?
False
Is 37463 composite?
False
Is 382021 a prime number?
True
Is 9371 a prime number?
True
Is 552703 composite?
False
Is 40853 a prime number?
True
Is 29651 composite?
True
Is 632191 composite?
True
Is 4201 a composite number?
False
Is 1003 composite?
True
Is 2121751 a prime number?
True
Is 14173 a composite number?
False
Is 16041 composite?
True
Is 3845 a composite number?
True
Is 375881 a prime number?
False
Is 24527 composite?
False
Is 78497 composite?
False
Is 25609 prime?
True
Is 143549 a prime number?
False
Is 1058287 prime?
True
Is 193667 a prime number?
False
Is 124979 prime?
True
Is 225499 a prime number?
True
Is 36733 prime?
False
Is 1361 a composite number?
False
Is 863363 a composite number?
False
Is 460013 a prime number?
True
Is 135379 a composite number?
True
Is 1424941 a prime number?
False
Is 63701 a prime number?
False
Is 13133 composite?
True
Is 249211 prime?
True
Is 10847 a prime number?
True
Is 52031 prime?
False
Is 7939 a composite number?
True
Is 93131 a composite number?
False
Is 407273 a prime number?
True
Is 4010899 prime?
False
Is 169123 composite?
True
Is 24515 composite?
True
Is 147473 composite?
True
Is 1823 a composite number?
False
Is 152719 composite?
True
Is 16537 a prime number?
False
Is 2095 prime?
False
Is 11579 prime?
True
Is 12515 a prime number?
False
Is 598571 a prime number?
True
Is 9115 a composite number?
True
Is 25733 prime?
True
Is 2081833 prime?
False
Is 31687 composite?
False
Is 351303 composite?
True
Is 173735 a composite number?
True
Is 483373 prime?
False
Is 2897 a composite number?
False
Is 47363 a prime number?
True
Is 5911811 composite?
False
Is 69863 a prime number?
False
Is 92611 a composite number?
True
Is 6019 a composite number?
True
Is 2833 a prime number?
True
Is 257 a composite number?
False
Is 225623 a prime number?
False
Is 11183 composite?
True
Is 809603 prime?
True
Is 9239 composite?
False
Is 147415 composite?
True
Is 80269 a prime number?
False
Is 217043 composite?
True
Is 4049 prime?
True
Is 91283 composite?
False
Is 48221 prime?
True
Is 613 a prime number?
True
Is 149501 prime?
False
Is 228181 composite?
False
Is 415013 composite?
False
Is 170737 composite?
True
Is 10073 a prime number?
False
Is 949873 prime?
False
Is 474681 a prime number?
False
Is 642197 a prime number?
True
Is 6785047 a composite number?
False
Is 43423 a composite number?
True
Is 9806 a composite number?
True
Is 90973 prime?
False
Is 5399 composite?
False
Is 5461 a prime number?
False
Is 2459 a composite number?
False
Is 983 prime?
True
Is 1845485 a prime number?
False
Is 340511 a composite number?
True
Is 185429 a prime number?
True
Is 1657 composite?
False
I